4
Let d(b) = b**2 - 34*b - 236. Determine d(40).
4
Let k(l) = l**3 - 11*l**2 - 8*l + 236. Determine k(10).
56
Let k(t) = t**3 + 23*t**2 + 20*t - 37. Calculate k(-22).
7
Let o(y) = y**2 - 6*y - 179. Determine o(16).
-19
Let s(z) = z**2 - 9*z - 97. Calculate s(-15).
263
Let i(n) = -2*n**3 - 168*n**2 - 357*n - 15856. What is i(-83)?
-3
Let s(r) = -10*r**3 + 361*r**2 - 37*r - 38. Give s(36).
-74
Let j(l) = 3*l**3 - l**2 + 43*l - 82. Determine j(2).
24
Let y(r) = -10*r**2 - 61*r - 32. Give y(-5).
23
Let l(a) = -6*a + 361. Calculate l(52).
49
Let l(g) = -9*g - 661. Give l(-70).
-31
Let c(f) = -81*f + 470. Give c(6).
-16
Let o(b) = -16*b + 31. What is o(10)?
-129
Let r(p) = -p**2 + 19*p + 48. What is r(19)?
48
Let k(m) = 13*m**2 - 130*m - 18. Determine k(9).
-135
Let l(p) = p**3 + 112*p**2 + 183*p - 4061. What is l(-110)?
9
Let x(o) = -o**3 + 18*o**2 + o - 255. Calculate x(17).
51
Let r(d) = -2*d**2 - 45*d + 64. Give r(-24).
-8
Let o(f) = 68*f + 188. Determine o(-3).
-16
Let u(l) = 3607*l + 39666. What is u(-11)?
-11
Let o(a) = 2*a**2 + 60*a - 512. Calculate o(7).
6
Let r(y) = 22*y**2 + 1349*y + 420. Calculate r(-61).
-7
Let k(d) = 1414*d - 9896. Give k(7).
2
Let t(z) = -432*z**2 - 6047*z + 19. Determine t(-14).
5
Let c(f) = 23*f**3 + 3*f**2 + 12*f + 13. Determine c(-2).
-183
Let m(x) = 48*x - 191. Calculate m(5).
49
Let i(o) = 4*o**3 + 32*o**2 - 26*o + 3. Give i(-7).
381
Let s(g) = 7*g - 438. Give s(80).
122
Let j(u) = u**2 + 3784*u - 30336. Calculate j(8).
0
Let z(k) = -4*k**2 - 42*k + 719. Calculate z(9).
17
Let g(i) = -19*i**2 + 30*i + 190. Calculate g(-7).
-951
Let p(k) = 121*k + 2068. Determine p(-20).
-352
Let k(a) = 437*a - 927. Calculate k(2).
-53
Let d(k) = k**2 - 25*k - 11. What is d(27)?
43
Let r(w) = -26*w + 386. Determine r(17).
-56
Let c(j) = -6*j + 304. What is c(-28)?
472
Let x(g) = g**2 - 45*g + 91. Calculate x(26).
-403
Let p(l) = -370*l + 1314. Calculate p(4).
-166
Let d(x) = 2*x**2 + 5*x - 22. Calculate d(3).
11
Let p(j) = -208*j + 4167. Give p(20).
7
Let f(n) = 352*n + 355. What is f(-1)?
3
Let o(g) = -g**2 - 21*g + 8. Determine o(-16).
88
Let d(u) = -21*u + 536. Give d(18).
158
Let b(c) = -c**3 + 9*c**2 - 20*c + 38. What is b(7)?
-4
Let o(q) = -q**2 - 40*q + 977. Give o(-57).
8
Let x(i) = 43*i + 1829. Calculate x(-42).
23
Let h(n) = -n**3 - 19*n**2 - 10*n + 743. Calculate h(-15).
-7
Let b(p) = -p**3 + 11*p**2 + 51*p - 19. Determine b(-4).
17
Let n(v) = -111*v + 18864. Determine n(170).
-6
Let y(j) = -21*j - 276. Determine y(-5).
-171
Let f(t) = 2*t**2 - 3045*t + 15179. Calculate f(5).
4
Let y(f) = -50*f + 1307. Calculate y(26).
7
Let b(z) = -36*z + 73. Determine b(3).
-35
Let c(h) = -h**3 - 8*h**2 - 12*h - 10. Calculate c(-6).
-10
Let v(c) = 113*c - 26890. Give v(238).
4
Let g(d) = -d**2 - 77*d + 134. Calculate g(-80).
-106
Let b(j) = -101*j - 1527. Calculate b(-15).
-12
Let x(d) = 107*d + 87. Give x(-1).
-20
Let a(h) = -198*h - 609. What is a(-3)?
-15
Let r(x) = -x**2 + 1075*x + 3238. Give r(-3).
4
Let j(a) = -2*a**3 + 14*a**2 + 17. Determine j(7).
17
Let t(x) = -302*x**2 - 5*x - 7. Determine t(-1).
-304
Let c(s) = -8*s - 141. Calculate c(-3).
-117
Let b(i) = -30*i**2 + 388*i + 31. Determine b(13).
5
Let q(v) = 35*v - 2162. Determine q(62).
8
Let r(t) = 10*t**2 - 24*t - 31. What is r(4)?
33
Let n(c) = -c**2 + 6*c - 1. What is n(20)?
-281
Let q(y) = y**3 - 18*y**2 - 382*y + 6795. Calculate q(17).
12
Let y(j) = -33*j - 14. Calculate y(-4).
118
Let s(g) = -3*g**2 + 137*g - 901. Determine s(7).
-89
Let r(o) = -o**3 - 10*o**2 - 5*o + 10. Give r(-6).
-104
Let j(v) = -v**3 - 9*v**2 - 53*v - 119. Calculate j(-5).
46
Let s(t) = t**3 - 83*t**2 + 11*t - 945. Give s(83).
-32
Let f(l) = l**2 + 14*l + 314. Give f(-10).
274
Let u(w) = -7362*w + 125163. Calculate u(17).
9
Let l(u) = u**3 + 6*u**2 + 4*u - 10. What is l(-8)?
-170
Let i(g) = -1419*g + 1167. What is i(1)?
-252
Let u(y) = -y**3 + 9*y**2 + 2*y + 12. What is u(10)?
-68
Let v(r) = -125*r + 1372. Give v(11).
-3
Let t(b) = -23*b + 835. Determine t(36).
7
Let n(m) = m**3 + 48*m**2 - 210*m - 51. What is n(-52)?
53
Let t(q) = -34*q**3 - 305*q**2 - q - 20. Calculate t(-9).
70
Let l(w) = 160*w + 21. Determine l(2).
341
Let v(k) = k**3 + 6*k**2 - 39*k + 66. Give v(-10).
56
Let q(u) = 73*u - 51. What is q(1)?
22
Let h(g) = g**2 + 100*g + 2193. What is h(-69)?
54
Let x(q) = 5*q**2 - 48*q + 184. Calculate x(5).
69
Let j(i) = -44*i + 262. Calculate j(5).
42
Let l(p) = 2*p**2 + 36*p + 188. Calculate l(-5).
58
Let v(l) = 25*l - 962. Calculate v(39).
13
Let y(x) = x**3 - 21*x**2 - 31*x + 294. Calculate y(22).
96
Let n(c) = c**2 - 42*c + 337. What is n(9)?
40
Let m(p) = p**3 + 4*p**2 - 30*p - 115. What is m(-6)?
-7
Let p(j) = 62*j - 2910. Give p(47).
4
Let y(a) = 44*a + 513. Calculate y(-11).
29
Let u(i) = 26*i + 32. Determine u(8).
240
Let f(w) = -w**3 + w**2 + 214*w - 1. Calculate f(-15).
389
Let x(u) = -434*u + 1390. Calculate x(3).
88
Let p(r) = -5*r**2 - 264*r - 213. What is p(-52)?
-5
Let a(y) = -7886*y + 63079. What is a(8)?
-9
Let t(y) = -604*y + 8488. Calculate t(14).
32
Let g(u) = -3*u**3 + 51*u**2 + 10*u - 113. What is g(17)?
57
Let j(h) = -7*h**3 - 32*h**2 + 13*h + 17. What is j(-5)?
27
Let v(y) = y**2 - 176*y + 7482. Give v(72).
-6
Let w(r) = 19*r + 88. What is w(-3)?
31
Let g(h) = -6*h**2 - 87*h - 325. Calculate g(-6).
-19
Let u(h) = -58*h**2 + 15*h - 5. What is u(2)?
-207
Let r(g) = g**2 + 54*g - 246. What is r(-58)?
-14
Let x(s) = 49*s - 68. Determine x(4).
128
Let b(d) = -59*d - 405. What is b(-8)?
67
Let i(v) = -v**3 + 48*v**2 - 87*v - 233. What is i(46)?
-3
Let h(q) = 9*q + 195. Calculate h(-20).
15
Let w(k) = 23*k**2 + 478*k - 103. What is w(-21)?
2
Let t(n) = -18*n**3 + n**2 + 5*n + 7. Determine t(-2).
145
Let w(r) = 807*r - 4804. What is w(6)?
38
Let f(v) = -33*v + 2481. Give f(78).
-93
Let k(s) = 6*s**2 + 140*s + 139. What is k(-1)?
5
Let u(c) = c**3 + 3*c**2 - 9*c - 27. Calculate u(-4).
-7
Let t(l) = -2*l**2 - 32*l + 71. Determine t(-18).
-1
Let h(f) = 108*f - 2258. Calculate h(21).
10
Let u(v) = -v**2 + 73*v - 628. Give u(63).
2
Let s(n) = -11*n**2 - 8*n - 20. Determine s(-4).
-164
Let k(i) = i**3 + 20*i**2 + 90*i - 14. Calculate k(-9).
67
Let d(a) = -3*a**2 + 18*a - 85. Determine d(10).
-205
Let a(f) = -61*f**2 + 56*f + 55. Determine a(-1).
-62
Let c(b) = -b**2 + 358*b + 1823. Determine c(-5).
8
Let p(l) = 2*l**2 + 844*l + 5844. Give p(-7).
34
Let m(p) = 16*p**2 + 44*p + 28. What is m(-1)?
0
Let t(a) = -70*a + 367. Determine t(6).
-53
Let l(r) = r**3 + 119*r**2 - 241*r + 119. Calculate l(-121).
-2
Let y(o) = o**2 - 87*o - 531. Calculate y(-6).
27
Let h(z) = z**3 - 15*z**2 - 6*z - 30. Determine h(15).
-120
Let p(q) = -3*q**2 - 25*q - 68. Determine p(-3).
-20
Let v(k) = 770*k - 4684. Calculate v(6).
-64
Let t(h) = -5*h**2 + 191*h + 191. Determine t(-1).
-5
Let x(d) = d**2 - 13*d - 445. What is x(28)?
-25
Let l(p) = -15*p**2 - 102*p + 19. Determine l(-7).
-2
Let h(j) = j**2 - 41*j - 4418. Calculate h(90).
-8
Let y(c) = 32*c - 681. Give y(13).
-265
Let o(v) = 6*v**2 + 101*v + 34. Calculate o(-17).
51
Let z(j) = 5*j + 82. Give z(25).
207
Let p(y) = 368*y - 2959. Calculate p(9).
353
Let f(c) = -c**3 + 99*c**2 - 89*c - 798. Give f(98).
84
Let f(w) = w**3 - 4*w**2 + 22*w - 27. Determine f(4).
61
Let n(y) = 6*y**2 + 6*y - 276. Calculate n(0).
-276
Let d(p) = 1611*p - 6540. What is d(4)?
-96
Let k(i) = -4*i**2 + 834*i - 2477. Determine k(3).
-11
Let w(g) = -g**3 + 5*g**2 - 35*g + 68. Give w(2).
10
Let h(s) = 470*s + 8477. Calculate h(-18).
17
Let c(y) = -y**2 - 55*y + 1701. Calculate c(-77).
7
Let y(l) = 2*l**3 - 205*l**2 - 96*l - 539. What is y(103)?
182
Let j(x) = x**2 - 247*x - 1515. Give j(-6).
3
Let b(g) = g**3 - 107*g**2 + 156*g - 5300. Determine b(106).
0
Let q(d) = d**2 + 41*d + 405. Give q(-26).
15
Let n(l) = l**3 - 12*l**2 + 41*l - 45. What is n(6)?
-15
Let j(g) = g**3 - 27*g**2 + 185*g - 71. Calculate j(12).
-11
Let t(l) = 673*l + 14106. Calculate t(-21).
-27
Let g(j) = -j**2 + 172*j + 4093. Determine g(193).
40
Let z(d) = 13*d**2 - 117*d - 25. Give z(11).
261
Let b(o) = -15*o + 158. Determine b(8).
38
Let a(r) = 11*r**3 - 4*r**2 - 4*r. Calculate a(-2).
-96
Let x(v) = 14629*v - 43891. Determine x(3).
-4
Let h(t) = -218*t**2 + 42*t + 1. What is h(1)?
-175
Let b(w) = -3